) = b*s(w) + 2*m(w). Calculate v(5).
-3
Let s(x) = x**3 - 6*x**2 - 7*x - 4. Let c = 17 - 22. Let j = c + 2. Let v be j - 0 - (-5 - 5). Determine s(v).
-4
Let u = 640 - 637. Let p(b) = b**3 - b**2 - b + 3. Calculate p(u).
18
Let c = 1040 + -1045. Let d(n) = -2*n - 5. Determine d(c).
5
Let s(m) be the third derivative of -m**6/120 - m**5/30 + m**4/4 + m**3/2 + 4*m**2. Let f(k) = -7*k**2 + 9*k - 6. Let w be f(1). What is s(w)?
11
Let n(v) = -12*v - 1 - 10*v + 2*v**2 + 24*v. Let u be 8/(-6)*(-3)/2. What is n(u)?
11
Suppose -2*f = -4*i - 16, 6 + 2 = 2*f + 4*i. Let c(a) = -a**3 + a**2 - 8*a - 3. Let q(r) = -r**3 + 2*r**2 - 8*r - 3. Let p(x) = 6*c(x) - 7*q(x). Give p(f).
-21
Let d(c) = -c**2 - 9*c + 5. Let t be d(-9). Let q(a) = 5 + 2*a**2 - a**2 + 16*a - 21*a. Give q(t).
5
Suppose 1 = 166*l - 167*l. Let i(s) = 8*s. Let z(c) = -4*c. Let j(p) = -3*i(p) - 7*z(p). What is j(l)?
-4
Suppose 0*r + 72 = -6*r. Let i be (-62)/r - 10/60. Let m(t) = t**3 - 4*t**2 - 6*t - 1. Calculate m(i).
-6
Suppose 4*f + 14 = -a, -39*a = -41*a - f + 7. Let u(j) = j + 2. What is u(a)?
8
Let p(k) = -k**2 + 14*k + 3. Let f = 931 + -920. Determine p(f).
36
Let j(y) be the third derivative of y**8/4032 - y**6/360 - 7*y**5/60 + 7*y**2. Let b(p) be the third derivative of j(p). Calculate b(-2).
18
Suppose -2 = -2*x + n + n, 4*n - 1 = 3*x. Let v(f) = -f**2 + 5*f - 3. Calculate v(x).
-3
Let v = -6 + 46. Suppose 0 = 5*z - 5*c + v, 5*c + 2 = 2*z + 30. Let i(f) = -2*f - 4. What is i(z)?
4
Let a be (5 + -5)*(-3)/(-6). Suppose a - 26 = -2*z. Let v = -5 + z. Let b(k) = -k + 3. What is b(v)?
-5
Let a(s) be the third derivative of -s**5/3 - s**4/24 + s**3/6 + s**2. Let t(f) = -f**3 - f**2 + f + 1. Suppose 0 = 3*g - 2*g. Let y be t(g). Calculate a(y).
-20
Let c(z) = 0*z**2 - 5*z + 3*z**2 + 4*z**2 - 3 + 1483*z**3 - 1484*z**3. Calculate c(6).
3
Let x(f) = 0*f**2 - f**2 + 6*f + 0*f**2. Let r(j) = j**3 + 16*j**2 - 26*j - 148. Let s be r(-17). Determine x(s).
5
Let i = 6 - 4. Let j(k) be the third derivative of k**7/2520 - k**6/360 - 13*k**4/24 + 2*k**2. Let s(c) be the second derivative of j(c). Determine s(i).
0
Let g(p) be the third derivative of -p**5/60 - p**4/12 + p**3/2 - 275*p**2. Let c(k) = k**3 - 4*k**2 + 6*k - 2. Let v be c(2). Calculate g(v).
-5
Let g(w) = -w - 16. Let t(v) = -184*v**3 + v**2 - v + 1. Let n be t(1). Let c be (3/(-6))/(-3 - n/60). Give g(c).
-6
Let m = 3 + -3. Suppose m*a - a = 5. Let v(z) be the first derivative of z**4/4 + 4*z**3/3 - 5*z**2/2 + 4*z - 40. Give v(a).
4
Let d(w) = 3*w + 6. Let u(i) = i + 3. Let r(s) = -3*d(s) + 5*u(s). Suppose -2*j - 2*j = 5*z - 27, 0 = -z + 3. Let y be (-12)/j + -1 + 3. Determine r(y).
5
Let u(x) = -8*x**3 + 16*x + 1 - 41*x + 27*x. Suppose b - 3 + 6 = 2*h, -4*b + 4*h = 8. What is u(b)?
7
Let t(x) = 3*x - 33. Suppose 18*b + 63 = 4*c + 23*b, b + 57 = 5*c. Determine t(c).
3
Suppose -5*b = -2*t - 18, -5*b + 2*t = -2*t - 16. Suppose -b*h + 2*h + 18 = 0. Let q(v) = 4*v - v - 5*v + 3*v + h. Give q(-6).
3
Let l(o) = -11 + 28*o**2 - 39*o**2 - o**3 + 13 - 3*o. What is l(-11)?
35
Let h(i) = -i**2 - 2*i - 4. Let n be h(-3). Suppose 0 = 7*j - 18 + 4. Let c(u) = 2*u**j - 33*u + 2 - u**2 + 39*u. Give c(n).
9
Let p be 1/((-1)/(-4)*-1). Let z = 45 + -24. Let k be (p + 5)/(3/z). Let i(g) = -g**2 + 8*g - 8. Calculate i(k).
-1
Let l(d) = d**2 - 3*d - 4. Suppose 3*u - 2 = 5*q + 3, 0 = -2*u + 2*q + 2. Let b be u + -4 + 0 + 9. Suppose 5*j = 10, -5*z + 6 + 4 = -b*j. Determine l(z).
0
Let a(q) = -q**2 + 4*q - 5. Let y be a(4). Let i(c) = c - 7. Calculate i(y).
-12
Let u(m) = -2*m + 4 - 6884*m**3 + 6883*m**3 + 1 - m**2. What is u(0)?
5
Let a(r) = -r**2 + 17. Let v be a(4). Suppose -5*c + 2*i = -8 + v, 0 = 4*c - 5*i + 8. Let u(k) = k**2 - 2*k - 2. Give u(c).
1
Let z(k) = -2*k - 92. Let r(f) = -2*f - 109. Let x(n) = 6*r(n) - 7*z(n). Let o be (-5 + 0 + -2)*1. Calculate x(o).
-24
Let w be ((-4)/7)/((-40)/(-140)). Let g(o) be the third derivative of o**6/120 + o**5/60 + o**4/24 + o**3/6 + 3*o**2. Give g(w).
-5
Let p(y) = -2*y**2 - 11*y + 16. Let x(u) = 3*u**2 + 22*u - 35. Let b(a) = -5*p(a) - 3*x(a). What is b(8)?
1
Let i(z) = -z**2 + 8*z - 1. Let r be i(8). Let x(v) = -v**2 - v + 1. Let h(m) = 3*m**2 - 5*m + 3. Let w(a) = r*x(a) + h(a). What is w(2)?
10
Let c(z) = -2*z + 4. Let t(o) = o**3 - o**2 + o - 1. Let b(k) = 3*k**3 + 9*k. Let p(n) = -b(n) + 4*t(n). Let u be p(5). Calculate c(u).
12
Let t(w) = -w**3 + 2*w**2 + 3*w - 4. Suppose -3*u - 5*m = -29, -m + 10 = -5*u + 21. What is t(u)?
-4
Let v(x) be the first derivative of 1/12*x**4 + 3 + 4*x - 7/6*x**3 + 3*x**2. Let y(u) be the first derivative of v(u). What is y(4)?
-6
Let d(p) = p**2 + 6*p - 5. Let o(t) = -t**3 - 2*t**2 - t - 5. Let n be o(0). Let u be 6 + n - (1 + 4). Determine d(u).
-13
Let m(z) = z**3 + z. Let u(p) = 3*p**3 - 7*p**2 + 7*p + 7. Let l(q) = -2*m(q) + u(q). What is l(6)?
1
Let r be 7/(-21) - (-53)/(-3). Let q be (r/(-12))/(2/8). Let y(m) be the third derivative of m**4/24 + 3*m**2 - 5*m. Give y(q).
6
Let n(l) be the third derivative of -l**5/60 + 5*l**4/8 - 5*l**3/6 - 6*l**2. Let x be n(15). Let k(b) = -b**2 - 3*b + 5. Give k(x).
-5
Let q(f) be the third derivative of -f**6/360 + 7*f**5/120 + f**4/4 - 11*f**3/6 + 14*f**2. Let z(s) be the first derivative of q(s). What is z(8)?
-2
Let j(c) be the third derivative of 31*c**6/120 - c**5/60 + c**3/6 - 12*c**2 + 1. Determine j(1).
31
Let v(y) = y**2 - 13*y + 3. Suppose -260 = -4*g - 16*g. Determine v(g).
3
Let o(g) = -g**2 - 2*g - 2. Let d(s) = -s - 1. Suppose u + 2 = 3. Let a(l) = u*o(l) + d(l). Suppose -3 = 5*v + 7, 4*k = -2*v - 12. What is a(k)?
-1
Let h(l) be the third derivative of l**7/5040 + 11*l**6/720 + 2*l**5/15 - 5*l**3/6 - 2*l**2 - 23*l. Let x(i) be the third derivative of h(i). What is x(0)?
11
Let q(c) = -6*c + 7. Let u(f) = -f + 6. Let a(p) = -2*q(p) + 10*u(p). Give a(-21).
4
Let z(i) = -5*i - 33. Let f be z(-7). Let q be (-10 - -13) + f + -6. Let j(l) = -14*l. Determine j(q).
14
Let p(f) = -4*f**3 + 4*f**2 + 3*f - 1. Let i be p(-1). Let w(v) = i + v**2 - 2*v + 4*v - 4*v - 4*v. Give w(3).
-5
Let q = -27 + 29. Let m(a) = 4*a + a**3 - 4*a + 2*a**3 - a**q - 1. Give m(2).
19
Let j(n) = -n**3 + 6*n**2 + 2*n + 1. Let r be (-3 - (-1 - 14))*(-2)/(-6). Let h be (-5)/(-60)*r + (-51)/(-9). Give j(h).
13
Let t(d) = d**2 + 5 - 2*d + d + 11. Suppose 0 = -104*h + 108*h. Determine t(h).
16
Let y(b) = b**3. Let m = 41 + -42. Let q be 4 - m/(-1) - (-7 - -10). Determine y(q).
0
Let r(n) = -1 + 8*n + 10*n - 5*n - n. Let f(d) = -d. Let a(t) = -6*f(t) + r(t). What is a(1)?
17
Suppose -f + 5*w + 5 = -13, 91 = 4*f - w. Let v = -21 + f. Let y(b) = 0 - b**3 - 5 - b**2 + 5*b + 3*b**v + 2. What is y(3)?
3
Let g(x) be the third derivative of x**6/120 - x**5/12 + 5*x**4/24 - 3*x**3/2 - x**2. Let q be g(4). Let w(a) = -a**3 - 6*a**2 - 2*a + 6. Determine w(q).
-9
Let p = -43 + 41. Let s(f) = 5*f + 2. Let o(a) = 24*a + 6. Let c(b) = -b - 1. Let w(m) = -5*c(m) + o(m). Let h(r) = 34*s(r) - 6*w(r). What is h(p)?
10
Let o(k) = k**3 + 6*k**2 + 6*k + 4. Let v be (-105)/28 - (-3)/(-12). What is o(v)?
12
Let d be (-43)/(-9) - 14/(-63). Suppose 3 = d*m - 0*w + w, 6 = 4*m + 2*w. Suppose 0 = -2*b + 6, m = 3*r - 0*b + b - 15. Let q(l) = -3*l. Calculate q(r).
-12
Let a(b) = -2*b**2 - 1 + 2*b**2 + 3*b + b**2. Let k be 5/(-20) - 6/((-48)/(-38)). Give a(k).
9
Suppose 5*v - 5*h = 0, -v - 84 = -2*h - 82. Let c(g) = -2*g**2 + 3*g + 6. Let m(o) = -2*o**2 + 3*o + 5. Let q(l) = 6*c(l) - 7*m(l). Determine q(v).
3
Let s(p) = p**2 + 4*p. Suppose -2*b = -2 + 4, 4*b + 39 = -5*g. What is s(g)?
21
Let n(s) = -2*s**2 - 38*s - 127. Let q be n(-14). Let p(l) = -l + 14. What is p(q)?
1
Let y(n) = -4*n**3 - 4*n**2 - 5. Let r(v) = -3*v**3 - 5 + v**3 - v**3 - 4*v**2 - 3*v + 4*v. Let u(l) = -3*r(l) + 2*y(l). Calculate u(-5).
-5
Let q(o) = 5 - 5*o**2 - 17 + 5 + 3 + 7 + o**3 + 5*o. Give q(5).
28
Let i = -148 - -159. Let h(l) = -l + 5. Determine h(i).
-6
Let r(l) = 3*l**3 - 5*l**3 + l**3 + 3*l**2 + 4*l - 5. Let o = -381 - -385. Give r(o).
-5
Let j(z) = -z**2 + 2*z - 1. Suppose 0*r - 289 = 4*k + 5*r, -173 = 3*k - 5*r. Let t be 1/3 + k/(-18). Let v be (t/9)/(10/45). Determine j(v).
-1
Let y(c) = 16*c + 8. Let m(p) = 3*p + 1. Let r(z) = -6*m(z) + y(z). What is r(-2)?
6
Suppose -2*m - 1 - 3 = 0. Let j(c) = 6